ors of r.
59
Let v be (-4)/(0 - 4/(-6)). Let f(r) = -11*r - 10. List the prime factors of f(v).
2, 7
Let u(y) = 12*y**2 + 58*y**2 - 19*y**2 + 161*y**2. Let r be u(1). Suppose -4*c = -r + 76. List the prime factors of c.
2, 17
Suppose 0*y - 5*y + 3001 = 2*x, 609 = y - 4*x. What are the prime factors of y?
601
Suppose -5*p + a + 14 = 0, -p - a + 3*a + 10 = 0. Suppose p*s = 18*m - 15*m + 501, -218 = -s - 5*m. What are the prime factors of s?
3
Let g = 44 - 30. Suppose 4*m + s = 13, 2*m + 4*s = 10 + g. Suppose 0 = -m*p - 4*p + 150. List the prime factors of p.
5
Suppose 0*k = -6*k + 3390. What are the prime factors of k?
5, 113
Let q(z) = z**2 + 9*z - 18. Suppose -10*p = -7*p + 39. List the prime factors of q(p).
2, 17
Let i = -354 + 435. List the prime factors of i.
3
Suppose 4*z + 0*z = -3*n + 7, -2*n + 3 = z. Suppose -3*p + 115 = z. What are the prime factors of p?
2, 19
Let f be ((-484)/33)/((-2)/51). Let a = f + -242. What are the prime factors of a?
2, 3, 11
Suppose -10*l + 5 = -9*l. Suppose l*i - 9 = 6. Suppose x + x = 3*y - 24, 24 = i*y - 5*x. What are the prime factors of y?
2
List the prime factors of 29656/66*(1 - 2/(-4)).
2, 337
Let y = -13 + 17. Suppose -5*g - 2*c = -g + 6, 0 = y*c - 12. Let n(s) = 2*s**2 - s + 1. List the prime factors of n(g).
2, 11
Let i be (-1)/(-2)*(-1 - (-2 - 1)). Suppose i = -4*a + 9. What are the prime factors of a?
2
Suppose 2*d - 5*y = 2636 + 3900, -d - y + 3268 = 0. List the prime factors of d.
2, 19, 43
Suppose 10 = 7*b - 4. Suppose 3*y + y + g + 3 = 0, 2*y - 6 = b*g. Suppose -2*x = -y*x - 62. List the prime factors of x.
31
Let s(z) = -2*z + 4. Let o be s(4). Let b(m) be the first derivative of 2*m**3/3 + 3*m**2/2 - m + 15. List the prime factors of b(o).
19
Let t(j) = -j**2 - j - 1. Let n(p) = 3*p**2 + p + 2. Let z(x) = 4*n(x) + 7*t(x). Let o be z(-2). Let f = 2 + o. List the prime factors of f.
29
Let c(n) = -2*n + 5 - 2*n + 2. What are the prime factors of c(-3)?
19
Suppose -5*v + g + 2156 = 0, 4*g - 995 = -2*v - 137. What are the prime factors of v?
431
Let n(f) = -297*f**2 + 1. Let d be n(-1). Suppose 5*q - 5 = h + 6, -3*q = -3. List the prime factors of d/(-36) + h/27.
2
Let v(w) = 22*w**2 + 4*w + 7. List the prime factors of v(5).
577
Suppose 2*c = -5*y - 223, c = 5*c - 5*y + 401. Let p = -31 - c. List the prime factors of p.
73
Let o be 5/15 + (-3 - 3184/(-6)). Suppose 0*g - q + o = 3*g, -2*g - 4*q = -352. List the prime factors of g.
2, 11
What are the prime factors of 6/(-12)*-1*622?
311
Suppose -2*k = -3*k + 2*f + 20, -3*k = -2*f - 80. List the prime factors of k.
2, 3, 5
Let r(b) = b**3 - 2*b**2 + 7*b + 7. Let p(s) = s**2 + s + 1. Let m(a) = -3*p(a) + r(a). What are the prime factors of m(6)?
2
Let y = 47 + -28. Suppose 29 = -s + y. List the prime factors of 44*2/s*-5.
2, 11
Let u(d) = d**2 - 2*d - 22. Let s be u(-4). Suppose p + 311 = 3*g - 2*g, -3*g + 918 = s*p. List the prime factors of g.
2, 7, 11
Let p(g) = -g**3 - 51*g**2 - 17*g - 196. List the prime factors of p(-51).
11, 61
Suppose 15*f - 2*f = 15184. List the prime factors of f.
2, 73
Suppose 118*q = 116*q + 1264. List the prime factors of q.
2, 79
Let a = 2587 + -1752. List the prime factors of a.
5, 167
Let a(i) = 3*i + 3. Let h be a(-1). Let v(u) = -3*u**2 + u + 39. What are the prime factors of v(h)?
3, 13
Let k(n) = 11 - 7 + 4*n**3 + 8*n**2 + 7*n - 3*n**3. Let o be k(-7). Suppose 0 = r + b - 27 - 0, o*r - 111 = -5*b. What are the prime factors of r?
2, 3
Let p(q) = 48*q + 2. Let o be p(2). Let j = o - 231. Let u = j - -199. List the prime factors of u.
2, 3, 11
Suppose -2*l + 873 = -5*g, 4*l - 2041 = 3*g - 288. Let f = l - 312. Let s = f - 89. List the prime factors of s.
2, 19
Let i = 82 + -80. Suppose 7*h = 4*h - 4*m + 437, 4*m - 286 = -i*h. List the prime factors of h.
151
Let u(x) = x + 11. Let t be u(-7). Let o be (-2976)/(-33) + t/(-22). Suppose 19*q - o = 14*q. List the prime factors of q.
2, 3
Let w(r) = -3*r + 14. Let o(p) = p**2 - 6*p + 1. Let x be o(7). Let b be w(x). What are the prime factors of 49 + 1 - (b - -6)?
2, 3
Let o(k) = k**3 - 12*k**2 + k + 2. Let x be (9 - 41)*6/(-8). Let f be (1 - 2)/((-2)/x). What are the prime factors of o(f)?
2, 7
Suppose -20*i = -9049 - 3931. What are the prime factors of i?
11, 59
Let i(h) = -6*h**2 - 10*h - 7 - 3*h**3 + 4 + 4*h**3. List the prime factors of i(8).
3, 5
What are the prime factors of (-4)/(-5) - (-28614)/95?
2, 151
List the prime factors of ((-20)/(-6))/((-6)/(4 - 76)).
2, 5
Suppose -4 = -5*o + 3*o. Let l(u) = -60*u - 415. Let a be l(-7). Suppose 0 = o*w - 2*v - 3*v - 106, a*v = -3*w + 184. List the prime factors of w.
2, 29
Let p(m) = m**3 - 2*m**2 + 19*m - 21. What are the prime factors of p(9)?
3, 239
Suppose 73 = 4*j + g - 11145, -4*j = -5*g - 11230. List the prime factors of j.
3, 5, 11, 17
Suppose -x - 465 = -6*x + u, -x + 2*u = -93. What are the prime factors of x?
3, 31
Let t be 0/(-5 + 2 - -2) + -83. Let h = t - -145. What are the prime factors of h?
2, 31
Suppose -3*a = 29 - 143. Let j = 12 + a. Suppose 0 = 4*w - 62 - j. What are the prime factors of w?
2, 7
Let p(g) = -g**2 + 10*g + 5. Let v be p(8). Let q = v - 17. Suppose 0 = -3*k - 9, 4*u = -k - q*k + 17. List the prime factors of u.
2
Let h be ((-2)/9 - (-4)/18) + 5. Suppose -h*p + 2*p = -291. What are the prime factors of p?
97
Let w = 7221 - 13126. List the prime factors of w/(-45) - (-1)/((-9)/2).
131
Suppose -2*k + 2*m = -420 - 116, -k + 248 = 3*m. What are the prime factors of k?
263
Let d(v) = 15*v + 5 - 8*v + 1. List the prime factors of d(6).
2, 3
Let z(a) = a**2 - 7*a + 8. Let g = 16 - 10. Let i be z(g). Suppose 4*f = 4*s + 188, i*s - 156 = -4*f - 2*s. List the prime factors of f.
43
Let q(n) be the second derivative of n**2 - 1/12*n**4 - 4*n + 0 - 5/6*n**3. List the prime factors of q(-5).
2
Let t(u) = 10*u**2 - 6*u + 4. Let g be t(2). Let n = g - -16. List the prime factors of n.
2, 3
Let u(o) = -o**3 + 43*o**2 - 29*o - 18. What are the prime factors of u(42)?
2, 3, 11
Let b = 246 - 61. Suppose k + 2*n - 47 - 32 = 0, 2*k - 5*n - b = 0. List the prime factors of k.
5, 17
Suppose 4*j = -j - 65. Let p = 19 + j. What are the prime factors of p?
2, 3
Let o(m) be the second derivative of m**7/840 - m**6/720 + m**5/120 + m**4/2 - 3*m. Let p(r) be the third derivative of o(r). List the prime factors of p(1).
3
Let l be 391 - (7 + 3*(-12)/9). Suppose -7*k = -l - 732. List the prime factors of k.
2, 5
Suppose -14 = -k + 2*m + 87, 0 = 4*k - 5*m - 413. List the prime factors of k.
107
Suppose -5*t + 1915 = 5*p, 2*t - 857 - 296 = -3*p. List the prime factors of p.
3, 43
Let w be (2/(-6))/(19/(-228)). Let l(h) = 3*h - 8. Let i be l(w). Suppose -r = -i*o + o + 81, 2*o - 49 = -r. What are the prime factors of o?
2, 13
Let f = 71 - 55. List the prime factors of f*((-132)/16)/(-3).
2, 11
Suppose 3*j = -3*j - 84. What are the prime factors of (-12)/84 + (-814)/j?
2, 29
Let j(b) = -b**2 - 15*b + 25. Let u be j(-9). Let d = -52 + u. List the prime factors of d.
3
Suppose -w + 5849 = 5*x, -2*x + w = -3463 + 1129. What are the prime factors of x?
7, 167
Let b(q) = -q**2 - 6*q + 6. Let a be b(-7). List the prime factors of -1 + a + 51/1.
7
Suppose -2*n = 4*j - 2432, -5*n + 8*j = 12*j - 6092. List the prime factors of n.
2, 5, 61
Let j be (-28)/((-16)/4) + (-3 - -2). Suppose 3*d + 3*b + 309 = j*d, -3*b - 209 = -2*d. What are the prime factors of d?
2, 5
Suppose 2*l - 4*p - 1088 = 0, -2*p + 7*p - 1643 = -3*l. Suppose 0 = 8*q - l - 350. What are the prime factors of q?
2, 7
Let m(s) = s**2 + 13*s + 15. Let t be m(-12). Let c be (t + -1 - 1)/1. What are the prime factors of 2/(c - 28/32)?
2
Let w(c) be the first derivative of c**4/4 + 2*c**3 - 5*c**2/2 + c + 6. List the prime factors of w(-6).
31
Suppose 6*d + 20 = 11*d. Suppose 5*t - 2*i - 501 - 137 = 0, -d*t + 5*i = -507. What are the prime factors of t?
2
Let l(c) = 10*c**3 + c**2 - c. Let k be l(1). Let u be (2/(-4))/(k/(-40)). Suppose -3*i + 8*i - o - 58 = 0, o = u*i - 22. What are the prime factors of i?
2, 3
Suppose 28 = -2*k + 26. Let q = 8 - k. What are the prime factors of q?
3
Let k(a) = -27*a + 52. List the prime factors of k(-17).
7, 73
Let c(n) = n**3 - 10*n**2 + 10*n + 12. Let f be c(9). List the prime factors of (-6)/f - (-5365)/35.
3, 17
Let f(j) = 